{"id":763,"date":"2022-10-11T11:31:44","date_gmt":"2022-10-11T11:31:44","guid":{"rendered":"https:\/\/ucpbuap.com\/?page_id=763"},"modified":"2022-10-22T16:09:12","modified_gmt":"2022-10-22T16:09:12","slug":"tezcatlipocahistoria","status":"publish","type":"page","link":"https:\/\/ucpbuap.com\/?page_id=763","title":{"rendered":"Tezcatlipoca(Leyenda)"},"content":{"rendered":"\n<p><a href=\"https:\/\/ucpbuap.com\/?page_id=740\" title=\"Tezcatlipoca\">&lt;-Regresar<\/a><\/p>\n\n\n\n<p><\/p>\n\n\n\n<p><\/p>\n\n\n\n<figure class=\"wp-block-image aligncenter size-full\"><img decoding=\"async\" width=\"500\" height=\"375\" src=\"https:\/\/ucpbuap.com\/wp-content\/uploads\/2022\/10\/1382.jpg.webp\" alt=\"\" class=\"wp-image-812\" srcset=\"https:\/\/ucpbuap.com\/wp-content\/uploads\/2022\/10\/1382.jpg.webp 500w, https:\/\/ucpbuap.com\/wp-content\/uploads\/2022\/10\/1382.jpg-300x225.webp 300w\" sizes=\"(max-width: 500px) 100vw, 500px\" \/><figcaption>Cr\u00e1neo Turquesa de Tezcatlipoca, en el museo brit\u00e1nico<\/figcaption><\/figure>\n\n\n\n<p><\/p>\n\n\n\n<p>Tezcatlipoca (\u00abEspejo humeante\u00bb en n\u00e1huatl) es considerado a menudo como el dios supremo del&nbsp;<a href=\"https:\/\/www.worldhistory.org\/trans\/es\/1-11201\/panteon\/\">pante\u00f3n<\/a>&nbsp;azteca, adopt\u00f3 una desconcertante serie de nombres y manifestaciones dependiendo de d\u00f3nde y por qui\u00e9n fuera adorado. Tezcatlipoca era el d\u00e9cimo de los trece Se\u00f1ores del D\u00eda y estaba asociado al b\u00faho cornudo en el calendario mesoamericano, mientras que su&nbsp;<em>nagual<\/em>&nbsp;o esp\u00edritu animal era el jaguar. Para los mexicas estaba asociado al d\u00eda 1, la muerte, y el dios era adorado especialmente durante T\u00f3xcatl, el sexto mes del a\u00f1o solar de 18 meses, y los que veneraban al dios llevaban el ep\u00edteto&nbsp;<em>titlacauan<\/em>, que significa \u00absomos sus esclavos\u00bb, lo que indica quiz\u00e1s que, para bien o para mal, no se pod\u00eda escapar de las atenciones y la influencia de Tezcatlipoca.<\/p>\n\n\n\n<p>Es una deidad omnipotente, omnipresente, omnisciente, viril y siempre joven, con una personalidad conflictiva y compleja.<\/p>\n\n\n\n<p>Se le atribuye el otorgamiento de cosas buenas y malas al hombre a su merced, por lo que en tiempos prehisp\u00e1nicos fue temido y reverenciado, era el dios supremo, el que estaba en todas partes, el que regala bienes y luego los quitaba. Tambi\u00e9n tra\u00eda dificultades, problemas y enfermedades. Era positivo y negativo, caprichoso y voluble. Andaba en todo lugar, en el cielo, en la tierra y en el infierno; cuando estaba en la tierra generaba guerras, enemistades y discordias, de donde resultaban muchas fatigas y desasosiegos.<\/p>\n\n\n\n<p><\/p>\n\n\n\n<p>Dec\u00edan que \u00e9l mismo incitaba a unos contra otros para que tuviesen guerras y por esto le llamaban Necoc Yaotl, que quiere decir sembrador de discordia de ambas partes.<\/p>\n\n\n\n<figure class=\"wp-block-image aligncenter size-large is-resized\"><img decoding=\"async\" src=\"https:\/\/ucpbuap.com\/wp-content\/uploads\/2022\/10\/JAGUAR03-768x1024.jpg\" alt=\"\" class=\"wp-image-814\" width=\"365\" height=\"487\" srcset=\"https:\/\/ucpbuap.com\/wp-content\/uploads\/2022\/10\/JAGUAR03-768x1024.jpg 768w, https:\/\/ucpbuap.com\/wp-content\/uploads\/2022\/10\/JAGUAR03-225x300.jpg 225w, https:\/\/ucpbuap.com\/wp-content\/uploads\/2022\/10\/JAGUAR03-600x800.jpg 600w, https:\/\/ucpbuap.com\/wp-content\/uploads\/2022\/10\/JAGUAR03.jpg 900w\" sizes=\"(max-width: 365px) 100vw, 365px\" \/><figcaption>El dios Tezcatlipoca, representado por su animal nahual, el jaguar.<\/figcaption><\/figure>\n\n\n\n<p>El car\u00e1cter tan complejo y conflictivo de Tezcatlipoca se ve por sus diferentes nombres y atributos, entre las fuentes originales, existen muchas formas y atributos para dirigirse a esta deidad debido a su car\u00e1cter voluble. Tan s\u00f3lo Bernardino de Sahag\u00fan en el Libro vi del C\u00f3dice Florentino, se refiere a Tezcatlipoca con 360 formas diferentes.<\/p>\n\n\n\n<p>En una de las leyendas nahuatlacas, Tezcatlipoca y Quetzalc\u00f3atl originaron al mundo. Exist\u00eda solo un oc\u00e9ano primigenio, donde \u00fanicamente viv\u00eda el monstruo de la tierra, Cipactli, Tezcatlipoca ofreci\u00f3 su pie como se\u00f1uelo, y el monstruo de la tierra emergi\u00f3 y se lo comi\u00f3. Entonces, Tezcatlipoca y Quetzalc\u00f3atl se apoderaron de \u00e9l, y lo extendieron para convertirlo en la tierra.<\/p>\n\n\n\n<p>Tezcatlipoca&nbsp;estaba relacionado a la oscuridad, hechicer\u00eda, al jaguar Tepeyollotl (se\u00f1or del eco, monta\u00f1as y terremotos) quien lleva un espejo humeante y el anauatl (pectoral caracter\u00edstico de la imagen de Tezcatlipoca).<\/p>\n\n\n\n<p>De acuerdo con descubrimientos arqueol\u00f3gicos, pictogr\u00e1ficos y escritos se dice que Tepey\u00f3llotl es una representaci\u00f3n de una personalidad alterna del dios Tezcatlipoca, ya que, se han encontrado ciertos elementos f\u00edsicos en Tepeyollotl que son caracter\u00edsticos de Tezcatlipoca. Haciendo \u00e9nfasis en que su elemento m\u00e1s caracter\u00edstico es el uso de una piel de jaguar, animal predilecto de Tezcatlipoca.<\/p>\n\n\n\n<p><\/p>\n\n\n\n<p><\/p>\n\n\n\n<p>Referencias:<\/p>\n\n\n\n<p>Heyden, D. (2022). TEZCATLIPOCA EN EL MUNDO NAHUATL. Recuperado 14 de septiembre de 2022, de https:\/\/historicas.unam.mx\/publicaciones\/revistas\/nahuatl\/pdf\/ecn19\/304.pdf&nbsp;<\/p>\n\n\n\n<p>Cartwright, M. (2013). Tezcatlipoca. Recuperado 16 de septiembre de 2022, de https:\/\/www.worldhistory.org\/ website: https:\/\/www.worldhistory.org\/trans\/es\/1-12094\/tezcatlipoca\/&nbsp;<\/p>\n","protected":false},"excerpt":{"rendered":"<p>&lt;-Regresar Tezcatlipoca (\u00abEspejo humeante\u00bb en n\u00e1huatl) es considerado a menudo como el dios supremo del&nbsp;pante\u00f3n&nbsp;azteca, adopt\u00f3 una desconcertante serie de nombres y manifestaciones dependiendo de d\u00f3nde y por qui\u00e9n fuera adorado. Tezcatlipoca era el d\u00e9cimo de los trece Se\u00f1ores del D\u00eda y estaba asociado al b\u00faho cornudo en el calendario mesoamericano, mientras que su&nbsp;nagual&nbsp;o esp\u00edritu [&hellip;]<\/p>\n","protected":false},"author":1,"featured_media":0,"parent":0,"menu_order":0,"comment_status":"closed","ping_status":"closed","template":"","meta":{"om_disable_all_campaigns":false,"_uag_custom_page_level_css":"","_monsterinsights_skip_tracking":false,"_monsterinsights_sitenote_active":false,"_monsterinsights_sitenote_note":"","_monsterinsights_sitenote_category":0,"site-sidebar-layout":"default","site-content-layout":"","ast-site-content-layout":"default","site-content-style":"default","site-sidebar-style":"default","ast-global-header-display":"","ast-banner-title-visibility":"","ast-main-header-display":"","ast-hfb-above-header-display":"","ast-hfb-below-header-display":"","ast-hfb-mobile-header-display":"","site-post-title":"","ast-breadcrumbs-content":"","ast-featured-img":"","footer-sml-layout":"","ast-disable-related-posts":"","theme-transparent-header-meta":"","adv-header-id-meta":"","stick-header-meta":"","header-above-stick-meta":"","header-main-stick-meta":"","header-below-stick-meta":"","astra-migrate-meta-layouts":"default","ast-page-background-enabled":"default","ast-page-background-meta":{"desktop":{"background-color":"","background-image":"","background-repeat":"repeat","background-position":"center center","background-size":"auto","background-attachment":"scroll","background-type":"","background-media":"","overlay-type":"","overlay-color":"","overlay-opacity":"","overlay-gradient":""},"tablet":{"background-color":"","background-image":"","background-repeat":"repeat","background-position":"center center","background-size":"auto","background-attachment":"scroll","background-type":"","background-media":"","overlay-type":"","overlay-color":"","overlay-opacity":"","overlay-gradient":""},"mobile":{"background-color":"","background-image":"","background-repeat":"repeat","background-position":"center center","background-size":"auto","background-attachment":"scroll","background-type":"","background-media":"","overlay-type":"","overlay-color":"","overlay-opacity":"","overlay-gradient":""}},"ast-content-background-meta":{"desktop":{"background-color":"var(--ast-global-color-5)","background-image":"","background-repeat":"repeat","background-position":"center center","background-size":"auto","background-attachment":"scroll","background-type":"","background-media":"","overlay-type":"","overlay-color":"","overlay-opacity":"","overlay-gradient":""},"tablet":{"background-color":"var(--ast-global-color-5)","background-image":"","background-repeat":"repeat","background-position":"center center","background-size":"auto","background-attachment":"scroll","background-type":"","background-media":"","overlay-type":"","overlay-color":"","overlay-opacity":"","overlay-gradient":""},"mobile":{"background-color":"var(--ast-global-color-5)","background-image":"","background-repeat":"repeat","background-position":"center center","background-size":"auto","background-attachment":"scroll","background-type":"","background-media":"","overlay-type":"","overlay-color":"","overlay-opacity":"","overlay-gradient":""}},"footnotes":""},"class_list":["post-763","page","type-page","status-publish","hentry"],"aioseo_notices":[],"uagb_featured_image_src":{"full":false,"thumbnail":false,"medium":false,"medium_large":false,"large":false,"1536x1536":false,"2048x2048":false,"woocommerce_thumbnail":false,"woocommerce_single":false,"woocommerce_gallery_thumbnail":false},"uagb_author_info":{"display_name":"ucpbuap@gmail.com","author_link":"https:\/\/ucpbuap.com\/?author=1"},"uagb_comment_info":0,"uagb_excerpt":"&lt;-Regresar Tezcatlipoca (\u00abEspejo humeante\u00bb en n\u00e1huatl) es considerado a menudo como el dios supremo del&nbsp;pante\u00f3n&nbsp;azteca, adopt\u00f3 una desconcertante serie de nombres y manifestaciones dependiendo de d\u00f3nde y por qui\u00e9n fuera adorado. Tezcatlipoca era el d\u00e9cimo de los trece Se\u00f1ores del D\u00eda y estaba asociado al b\u00faho cornudo en el calendario mesoamericano, mientras que su&nbsp;nagual&nbsp;o esp\u00edritu&hellip;","jetpack_sharing_enabled":true,"_links":{"self":[{"href":"https:\/\/ucpbuap.com\/index.php?rest_route=\/wp\/v2\/pages\/763","targetHints":{"allow":["GET"]}}],"collection":[{"href":"https:\/\/ucpbuap.com\/index.php?rest_route=\/wp\/v2\/pages"}],"about":[{"href":"https:\/\/ucpbuap.com\/index.php?rest_route=\/wp\/v2\/types\/page"}],"author":[{"embeddable":true,"href":"https:\/\/ucpbuap.com\/index.php?rest_route=\/wp\/v2\/users\/1"}],"replies":[{"embeddable":true,"href":"https:\/\/ucpbuap.com\/index.php?rest_route=%2Fwp%2Fv2%2Fcomments&post=763"}],"version-history":[{"count":11,"href":"https:\/\/ucpbuap.com\/index.php?rest_route=\/wp\/v2\/pages\/763\/revisions"}],"predecessor-version":[{"id":1011,"href":"https:\/\/ucpbuap.com\/index.php?rest_route=\/wp\/v2\/pages\/763\/revisions\/1011"}],"wp:attachment":[{"href":"https:\/\/ucpbuap.com\/index.php?rest_route=%2Fwp%2Fv2%2Fmedia&parent=763"}],"curies":[{"name":"wp","href":"https:\/\/api.w.org\/{rel}","templated":true}]}}