{"id":118,"date":"2020-08-20T10:01:57","date_gmt":"2020-08-20T10:01:57","guid":{"rendered":"http:\/\/ucpbuap.com\/?page_id=118"},"modified":"2022-09-19T06:14:20","modified_gmt":"2022-09-19T06:14:20","slug":"store","status":"publish","type":"page","link":"https:\/\/ucpbuap.com\/?page_id=118","title":{"rendered":"Store"},"content":{"rendered":"\n<div class=\"wp-block-uagb-container uagb-block-0c6d52ba alignfull uagb-is-root-container\"><div class=\"uagb-container-inner-blocks-wrap\">\n<div class=\"wp-block-uagb-advanced-heading uagb-block-9ab3fef9\"><h1 class=\"uagb-heading-text\">Tienda<\/h1><\/div>\n<\/div><\/div>\n\n\n\n<div class=\"wp-block-uagb-container uagb-block-94933aca alignfull uagb-is-root-container\"><div class=\"uagb-container-inner-blocks-wrap\">\n<div class=\"wp-block-uagb-advanced-heading uagb-block-83ae929f\"><h2 class=\"uagb-heading-text\">Productos Destacados<\/h2><\/div>\n\n\n<div class=\"woocommerce columns-3 m-popular\"><ul class=\"products columns-3\">\n<li class=\"desktop-align-left tablet-align-left mobile-align-left product type-product post-636 status-publish first instock product_cat-motoresdc has-post-thumbnail sale shipping-taxable purchasable product-type-simple\">\n\t<a href=\"https:\/\/ucpbuap.com\/?product=motor-dc-5v\" class=\"woocommerce-LoopProduct-link woocommerce-loop-product__link\">\n\t\n\t<img decoding=\"async\" width=\"300\" height=\"300\" src=\"https:\/\/ucpbuap.com\/wp-content\/uploads\/2022\/09\/motor-5v-300x300.jpg\" class=\"attachment-woocommerce_thumbnail size-woocommerce_thumbnail\" alt=\"motor 5v\" srcset=\"https:\/\/ucpbuap.com\/wp-content\/uploads\/2022\/09\/motor-5v-300x300.jpg 300w, https:\/\/ucpbuap.com\/wp-content\/uploads\/2022\/09\/motor-5v-150x150.jpg 150w, https:\/\/ucpbuap.com\/wp-content\/uploads\/2022\/09\/motor-5v-100x100.jpg 100w\" sizes=\"(max-width: 300px) 100vw, 300px\" \/><h2 class=\"woocommerce-loop-product__title\">Motor DC 5v<\/h2>\n\t<span class=\"price\"><del aria-hidden=\"true\"><span class=\"woocommerce-Price-amount amount\"><bdi><span class=\"woocommerce-Price-currencySymbol\">&#36;<\/span>5.00<\/bdi><\/span><\/del> <span class=\"screen-reader-text\">El precio original era: &#036;5.00.<\/span><ins aria-hidden=\"true\"><span class=\"woocommerce-Price-amount amount\"><bdi><span class=\"woocommerce-Price-currencySymbol\">&#36;<\/span>4.50<\/bdi><\/span><\/ins><span class=\"screen-reader-text\">El precio actual es: &#036;4.50.<\/span><\/span>\n<\/a><span  class=\"ast-on-card-button ast-onsale-card\" data-notification=\"default\">\u00a1Oferta!<\/span><a href=\"\/index.php?rest_route=%2Fwp%2Fv2%2Fpages%2F118&#038;add-to-cart=636\" data-quantity=\"1\" class=\"ast-on-card-button ast-select-options-trigger product_type_simple add_to_cart_button ajax_add_to_cart\" data-product_id=\"636\" data-product_sku=\"mot-001\" aria-label=\"A\u00f1adir al carrito: &ldquo;Motor DC 5v&rdquo;\" rel=\"nofollow\"> <span class=\"ast-card-action-tooltip\"> A\u00f1adir al carrito <\/span> <span class=\"ahfb-svg-iconset\"> <span aria-hidden=\"true\" class=\"ahfb-svg-iconset ast-inline-flex\"><svg xmlns='http:\/\/www.w3.org\/2000\/svg' viewBox='0 0 448 512'><path d='M352 160v-32C352 57.42 294.579 0 224 0 153.42 0 96 57.42 96 128v32H0v272c0 44.183 35.817 80 80 80h288c44.183 0 80-35.817 80-80V160h-96zm-192-32c0-35.29 28.71-64 64-64s64 28.71 64 64v32H160v-32zm160 120c-13.255 0-24-10.745-24-24s10.745-24 24-24 24 10.745 24 24-10.745 24-24 24zm-192 0c-13.255 0-24-10.745-24-24s10.745-24 24-24 24 10.745 24 24-10.745 24-24 24z'><\/path><\/svg><\/span> <\/span> <\/a><a href=\"\/index.php?rest_route=%2Fwp%2Fv2%2Fpages%2F118&#038;add-to-cart=636\" aria-describedby=\"woocommerce_loop_add_to_cart_link_describedby_636\" data-quantity=\"1\" class=\"button product_type_simple add_to_cart_button ajax_add_to_cart\" data-product_id=\"636\" data-product_sku=\"mot-001\" aria-label=\"A\u00f1adir al carrito: &ldquo;Motor DC 5v&rdquo;\" rel=\"nofollow\" data-success_message=\"\u00abMotor DC 5v\u00bb se ha a\u00f1adido a tu carrito\" role=\"button\">A\u00f1adir al carrito<\/a>\t<span id=\"woocommerce_loop_add_to_cart_link_describedby_636\" class=\"screen-reader-text\">\n\t\t\t<\/span>\n<\/li>\n<li class=\"desktop-align-left tablet-align-left mobile-align-left product type-product post-733 status-publish instock product_cat-motoresdc has-post-thumbnail shipping-taxable product-type-simple\">\n\t<a href=\"https:\/\/ucpbuap.com\/?product=motor-dc-3v\" class=\"woocommerce-LoopProduct-link woocommerce-loop-product__link\"><img decoding=\"async\" width=\"300\" height=\"300\" src=\"https:\/\/ucpbuap.com\/wp-content\/uploads\/2022\/09\/motor-3v-300x300.jpg\" class=\"attachment-woocommerce_thumbnail size-woocommerce_thumbnail\" alt=\"motor 3v\" srcset=\"https:\/\/ucpbuap.com\/wp-content\/uploads\/2022\/09\/motor-3v-300x300.jpg 300w, https:\/\/ucpbuap.com\/wp-content\/uploads\/2022\/09\/motor-3v-150x150.jpg 150w, https:\/\/ucpbuap.com\/wp-content\/uploads\/2022\/09\/motor-3v-100x100.jpg 100w, https:\/\/ucpbuap.com\/wp-content\/uploads\/2022\/09\/motor-3v.jpg 400w\" sizes=\"(max-width: 300px) 100vw, 300px\" \/><h2 class=\"woocommerce-loop-product__title\">motor dc 3v<\/h2>\n<\/a><a href=\"https:\/\/ucpbuap.com\/?product=motor-dc-3v\" data-quantity=\"1\" class=\"ast-on-card-button ast-select-options-trigger product_type_simple\" data-product_id=\"733\" data-product_sku=\"\" aria-label=\"Lee m\u00e1s sobre &ldquo;motor dc 3v&rdquo;\" rel=\"nofollow\"> <span class=\"ast-card-action-tooltip\"> Leer m\u00e1s <\/span> <span class=\"ahfb-svg-iconset\"> <span aria-hidden=\"true\" class=\"ahfb-svg-iconset ast-inline-flex\"><svg xmlns='http:\/\/www.w3.org\/2000\/svg' viewBox='0 0 448 512'><path d='M352 160v-32C352 57.42 294.579 0 224 0 153.42 0 96 57.42 96 128v32H0v272c0 44.183 35.817 80 80 80h288c44.183 0 80-35.817 80-80V160h-96zm-192-32c0-35.29 28.71-64 64-64s64 28.71 64 64v32H160v-32zm160 120c-13.255 0-24-10.745-24-24s10.745-24 24-24 24 10.745 24 24-10.745 24-24 24zm-192 0c-13.255 0-24-10.745-24-24s10.745-24 24-24 24 10.745 24 24-10.745 24-24 24z'><\/path><\/svg><\/span> <\/span> <\/a><a href=\"https:\/\/ucpbuap.com\/?product=motor-dc-3v\" aria-describedby=\"woocommerce_loop_add_to_cart_link_describedby_733\" data-quantity=\"1\" class=\"button product_type_simple\" data-product_id=\"733\" data-product_sku=\"\" aria-label=\"Lee m\u00e1s sobre &ldquo;motor dc 3v&rdquo;\" rel=\"nofollow\" data-success_message=\"\">Leer m\u00e1s<\/a>\t<span id=\"woocommerce_loop_add_to_cart_link_describedby_733\" class=\"screen-reader-text\">\n\t\t\t<\/span>\n<\/li>\n<\/ul>\n<\/div>\n<\/div><\/div>\n\n\n\n<div class=\"wp-block-uagb-container uagb-block-53bb0266 alignfull uagb-is-root-container\"><div class=\"uagb-container-inner-blocks-wrap\">\n<div class=\"wp-block-uagb-advanced-heading uagb-block-23405c1b\"><h2 class=\"uagb-heading-text\">Categorias<\/h2><\/div>\n\n\n<div class=\"woocommerce columns-4\"><ul class=\"products columns-4\">\n<li class=\"product-category product first\">\n\t<a aria-label=\"Visitar la categor\u00eda de producto Motores DC\" href=\"https:\/\/ucpbuap.com\/?product_cat=motoresdc\"><img decoding=\"async\" src=\"https:\/\/ucpbuap.com\/wp-content\/uploads\/2022\/09\/motoresdc-300x300.jpeg\" alt=\"Motores DC\" width=\"300\" height=\"300\" srcset=\"https:\/\/ucpbuap.com\/wp-content\/uploads\/2022\/09\/motoresdc-300x300.jpeg 300w, https:\/\/ucpbuap.com\/wp-content\/uploads\/2022\/09\/motoresdc-150x150.jpeg 150w, https:\/\/ucpbuap.com\/wp-content\/uploads\/2022\/09\/motoresdc-100x100.jpeg 100w\" sizes=\"(max-width: 300px) 100vw, 300px\" \/>\t\t<h2 class=\"woocommerce-loop-category__title\">\n\t\t\tMotores DC<mark class=\"count\">2 productos<\/mark>\t\t<\/h2>\n\t\t<\/a><\/li>\n<\/ul>\n<\/div>\n<\/div><\/div>\n\n\n\n<div class=\"wp-block-uagb-container uagb-block-e1973e41 alignfull uagb-is-root-container\"><div class=\"uagb-container-inner-blocks-wrap\">\n<div class=\"wp-block-uagb-container uagb-block-56e108c4\">\n<div class=\"wp-block-uagb-info-box uagb-block-0f143fcf uagb-infobox__content-wrap  uagb-infobox-icon-above-title uagb-infobox-image-valign-top\"><div class=\"uagb-ifb-content\"><div class=\"uagb-ifb-title-wrap\"><h3 class=\"uagb-ifb-title\">\u00bfC\u00f3mo adquirir nuestros productos?<\/h3><\/div><\/div><\/div>\n<\/div>\n\n\n\n<div class=\"wp-block-uagb-container uagb-block-c8af9583\">\n<p>Para adquirir nuestros productos debes acudir a la bodega de UCP, la cual se encuentra detr\u00e1s del edificio EMA7, dentro de ciudad universitaria.<\/p>\n\n\n\n<p>En nuestra bodega tambi\u00e9n podr\u00e1s ir a donar el equipo electr\u00f3nico que ya no uses y que nosotros reciclaremos.<\/p>\n<\/div>\n<\/div><\/div>\n","protected":false},"excerpt":{"rendered":"<p>Tienda Productos Destacados Categorias Para adquirir nuestros productos debes acudir a la bodega de UCP, la cual se encuentra detr\u00e1s del edificio EMA7, dentro de ciudad universitaria. En nuestra bodega tambi\u00e9n podr\u00e1s ir a donar el equipo electr\u00f3nico que ya no uses y que nosotros reciclaremos.<\/p>\n","protected":false},"author":1,"featured_media":0,"parent":0,"menu_order":0,"comment_status":"closed","ping_status":"closed","template":"","meta":{"om_disable_all_campaigns":false,"_uag_custom_page_level_css":"","_monsterinsights_skip_tracking":false,"_monsterinsights_sitenote_active":false,"_monsterinsights_sitenote_note":"","_monsterinsights_sitenote_category":0,"site-sidebar-layout":"default","site-content-layout":"plain-container","ast-site-content-layout":"default","site-content-style":"default","site-sidebar-style":"default","ast-global-header-display":"","ast-banner-title-visibility":"","ast-main-header-display":"","ast-hfb-above-header-display":"","ast-hfb-below-header-display":"","ast-hfb-mobile-header-display":"","site-post-title":"disabled","ast-breadcrumbs-content":"","ast-featured-img":"disabled","footer-sml-layout":"","ast-disable-related-posts":"","theme-transparent-header-meta":"enabled","adv-header-id-meta":"","stick-header-meta":"","header-above-stick-meta":"","header-main-stick-meta":"","header-below-stick-meta":"","astra-migrate-meta-layouts":"default","ast-page-background-enabled":"default","ast-page-background-meta":{"desktop":{"background-color":"","background-image":"","background-repeat":"repeat","background-position":"center center","background-size":"auto","background-attachment":"scroll","background-type":"","background-media":"","overlay-type":"","overlay-color":"","overlay-opacity":"","overlay-gradient":""},"tablet":{"background-color":"","background-image":"","background-repeat":"repeat","background-position":"center center","background-size":"auto","background-attachment":"scroll","background-type":"","background-media":"","overlay-type":"","overlay-color":"","overlay-opacity":"","overlay-gradient":""},"mobile":{"background-color":"","background-image":"","background-repeat":"repeat","background-position":"center center","background-size":"auto","background-attachment":"scroll","background-type":"","background-media":"","overlay-type":"","overlay-color":"","overlay-opacity":"","overlay-gradient":""}},"ast-content-background-meta":{"desktop":{"background-color":"var(--ast-global-color-5)","background-image":"","background-repeat":"repeat","background-position":"center center","background-size":"auto","background-attachment":"scroll","background-type":"","background-media":"","overlay-type":"","overlay-color":"","overlay-opacity":"","overlay-gradient":""},"tablet":{"background-color":"var(--ast-global-color-5)","background-image":"","background-repeat":"repeat","background-position":"center center","background-size":"auto","background-attachment":"scroll","background-type":"","background-media":"","overlay-type":"","overlay-color":"","overlay-opacity":"","overlay-gradient":""},"mobile":{"background-color":"var(--ast-global-color-5)","background-image":"","background-repeat":"repeat","background-position":"center center","background-size":"auto","background-attachment":"scroll","background-type":"","background-media":"","overlay-type":"","overlay-color":"","overlay-opacity":"","overlay-gradient":""}},"footnotes":""},"class_list":["post-118","page","type-page","status-publish","hentry"],"aioseo_notices":[],"uagb_featured_image_src":{"full":false,"thumbnail":false,"medium":false,"medium_large":false,"large":false,"1536x1536":false,"2048x2048":false,"woocommerce_thumbnail":false,"woocommerce_single":false,"woocommerce_gallery_thumbnail":false},"uagb_author_info":{"display_name":"ucpbuap@gmail.com","author_link":"https:\/\/ucpbuap.com\/?author=1"},"uagb_comment_info":0,"uagb_excerpt":"Tienda Productos Destacados Categorias Para adquirir nuestros productos debes acudir a la bodega de UCP, la cual se encuentra detr\u00e1s del edificio EMA7, dentro de ciudad universitaria. En nuestra bodega tambi\u00e9n podr\u00e1s ir a donar el equipo electr\u00f3nico que ya no uses y que nosotros reciclaremos.","jetpack_sharing_enabled":true,"_links":{"self":[{"href":"https:\/\/ucpbuap.com\/index.php?rest_route=\/wp\/v2\/pages\/118","targetHints":{"allow":["GET"]}}],"collection":[{"href":"https:\/\/ucpbuap.com\/index.php?rest_route=\/wp\/v2\/pages"}],"about":[{"href":"https:\/\/ucpbuap.com\/index.php?rest_route=\/wp\/v2\/types\/page"}],"author":[{"embeddable":true,"href":"https:\/\/ucpbuap.com\/index.php?rest_route=\/wp\/v2\/users\/1"}],"replies":[{"embeddable":true,"href":"https:\/\/ucpbuap.com\/index.php?rest_route=%2Fwp%2Fv2%2Fcomments&post=118"}],"version-history":[{"count":9,"href":"https:\/\/ucpbuap.com\/index.php?rest_route=\/wp\/v2\/pages\/118\/revisions"}],"predecessor-version":[{"id":728,"href":"https:\/\/ucpbuap.com\/index.php?rest_route=\/wp\/v2\/pages\/118\/revisions\/728"}],"wp:attachment":[{"href":"https:\/\/ucpbuap.com\/index.php?rest_route=%2Fwp%2Fv2%2Fmedia&parent=118"}],"curies":[{"name":"wp","href":"https:\/\/api.w.org\/{rel}","templated":true}]}}